6 = t. What is the units digit of f?
5
Let j = -10 + 10. Suppose -t = -4*k - 2 - j, 0 = -5*t - k - 11. Let z(i) = i**2 + 2*i + 2. What is the units digit of z(t)?
2
Suppose 0 = 5*h - h - 16. What is the units digit of h/(1 + 4/12)?
3
Let y = 627 - -350. What is the hundreds digit of y?
9
Let p be 2*12*76/8. Suppose -65 = f - p. What is the tens digit of f?
6
Let y(i) = 10*i + 112. What is the tens digit of y(41)?
2
Let m(z) = -z**3 - 8*z**2 + 5*z - 3. Let x be m(-8). Let w = x + 95. What is the tens digit of w?
5
Let t = 71 + -40. Suppose -7*m + 3*k = -3*m - 102, -2*k = m - t. What is the units digit of m?
7
Let o(r) = 5*r**2 - 3*r. Let c be o(3). What is the units digit of (-1384)/(-9) - (100/c + -3)?
4
Let s(c) = c**3 - 19*c**2 + 22*c - 5. Suppose -3*n - 5*q + q + 54 = 0, -5*q = -2*n + 36. What is the tens digit of s(n)?
6
Let n = 1 - -11. What is the units digit of (31/3)/(n/36)?
1
Suppose 2*w = 4*t + 5*w - 4076, -3*w = 0. What is the thousands digit of t?
1
Suppose 0 = -r + 3 - 0. Suppose -r*f + 7 = -2. Suppose a - 4*o = 3*a - 12, 0 = -5*a + f*o + 56. What is the units digit of a?
0
Let h = -32 + 163. Suppose 149 + h = 5*z. Let y = z + -38. What is the units digit of y?
8
Suppose 7*a + 4*a - 22 = 0. Suppose a + 19 = s. What is the tens digit of s?
2
Let m = -315 + 367. What is the units digit of m?
2
Let p(z) = -20*z + 10. Let q be p(2). What is the hundreds digit of (1 + -34)/((-21)/q + -1)?
1
Suppose 16*h - 18*h + 322 = 0. What is the units digit of h?
1
Let k = 47 - 53. What is the hundreds digit of 548/k*33/(-22)?
1
What is the hundreds digit of ((-380)/3)/((-4)/18)?
5
Let i(s) = 13*s + 213. What is the tens digit of i(13)?
8
Let x(w) = -167*w**3 + 5*w + 17. What is the units digit of x(-2)?
3
Let q = 466 - 88. What is the units digit of q?
8
Let n = -97 + 954. What is the units digit of n?
7
Let o(n) = 5*n**2 - 4*n**2 + 2*n + 5 - 6 + 2*n**2. Let p be o(-2). Suppose -4*r - 6 = -p*r. What is the units digit of r?
2
Suppose 2*s - q - 2942 = 0, s - 5*q + 4*q = 1472. What is the units digit of s?
0
Let q(s) = s + 4. Let o be q(0). Suppose -132 = -o*m + 2*m. Suppose 5*a + 6 = m. What is the units digit of a?
2
Suppose 0 = s + 2*s - 12. Suppose -s*g - 112 = -0*g. Let j = g - -50. What is the units digit of j?
2
Let s(u) = 3*u. Let k = 55 - 47. What is the tens digit of s(k)?
2
Suppose 2*k + 1 = 3*i, -6 = -3*k - 0*k + 2*i. Suppose -k*f + 60 = -2*f + 5*p, 3*f - 4*p = 90. What is the tens digit of f?
3
Let x be -1*1*330/6. Let d = x - -33. Let q = d - -35. What is the tens digit of q?
1
Let s be 3 - (5 + -8 + 4). Suppose 5*l - 11 = 2*x, s*l - 4*x - 16 = -9*x. Suppose -l*v = v - 88. What is the units digit of v?
2
Let d = -31 - 1. Let k be d/(-18) + (-12)/(-54). Suppose k*r = 3*r - 1. What is the units digit of r?
1
Suppose 6194 = 20*h - 3206. What is the units digit of h?
0
Suppose 3*r + 47 = 4*h - 2*r, -23 = -h + 5*r. Suppose 0 = 2*q + 4 - h. What is the units digit of q?
2
Let h(l) = 258*l - 80. What is the hundreds digit of h(4)?
9
Let b(z) = -8 + 2 + 14*z - z. Let h be (-60)/(-24) - (-2)/4. What is the tens digit of b(h)?
3
Suppose 28*n - 32*n + 3080 = 0. What is the units digit of n?
0
Let c(w) = -5*w**2 - 34*w - 33. Let b(f) = -2*f**2 - 17*f - 16. Let r(v) = -7*b(v) + 3*c(v). What is the units digit of r(14)?
5
Let f be (0*1/(-5))/2. Suppose -4*m = 4*y - 36, f*y - 4 = -4*y + 4*m. Suppose y*t - 156 = -2*g, -t - 2*t = -2*g - 84. What is the units digit of t?
0
Let l(o) = o - 15. Let h be l(15). Let n be (-15 + h)*(-5 - -3). What is the tens digit of (3/1)/(n/110)?
1
Suppose -5*a = 14*a - 3021. What is the hundreds digit of a?
1
Suppose 69*d - 68*d + 2 = 0. What is the hundreds digit of (0 - 3 - d) + 176?
1
Let r = -24 - -26. Suppose 0 = 3*b - r*v - 2*v + 43, -v + 40 = -4*b. What is the units digit of 36/b - (1 - 12)?
7
Let f(b) = 3*b + 73. Let y be f(0). Let m = y - -24. What is the units digit of m?
7
Suppose 4*s - 417 = 5323. What is the tens digit of s?
3
Let v be 0 + (0/(-1))/1. Suppose v = -2*l - l - z + 169, 3*l - z - 167 = 0. What is the units digit of l?
6
Suppose w = -3*c + 1180, 3*c + c - 3*w = 1569. What is the hundreds digit of c?
3
Suppose r + 5*o = 0, -5*r = -2*r - 2*o. Suppose 0*a + 3*a - 270 = r. What is the units digit of a?
0
Suppose 4*m + m - 5*q = -770, -4*m = -3*q + 612. Let a be m/(-8)*(-180)/(-27). Suppose a = 9*x - 4*x. What is the units digit of x?
5
Let o = -15 - -18. Let u(i) = -i - 3. Let m be u(-4). Suppose -m = o*x - 73. What is the tens digit of x?
2
Let c(v) = -6*v**2 + 6*v + 12*v**2 - 24 - 5*v**2. What is the units digit of c(-10)?
6
Let q = -981 - -1723. What is the units digit of q?
2
Suppose 0 = -7*b + 11219 + 5903. What is the hundreds digit of b?
4
Let i(c) = 5*c - 3 - 5*c - 5*c + c**3 - 11*c**2 - 2. Let u be i(10). What is the tens digit of (90/25 - 4)*u?
6
Let i be -10*(2/3 + (-28)/24). Suppose 0 = -4*w + 4*g - 0*g + 724, -i*w + 2*g = -893. What is the hundreds digit of w?
1
Suppose 2 = -5*g - 13, -4*h - 7 = 5*g. Suppose 4*i - 82 = -2*z, 0 = -h*z + 5*z + 2*i - 123. What is the tens digit of z?
4
Let p(v) = -v**2 - 29*v + 45. What is the hundreds digit of p(-23)?
1
What is the units digit of 15810/25 - -6 - (-4)/(-10)?
8
Let m = 17 + -12. Suppose m*g - 4*g = 0. Suppose g = -5*u - 2*b + 78, 0*b - 2*b - 6 = -u. What is the tens digit of u?
1
Let l be (-5)/((-10)/(-4))*-2. Suppose -l*a - 3*g + 255 = -58, -2*g = 3*a - 236. What is the tens digit of a?
8
Let u = 1379 + -776. What is the units digit of u?
3
Let m(q) = q**2 - 8*q - 4. Let y be m(8). Let s be (-2)/y - (-50)/20. Suppose -d + s*d - 113 = 3*j, 5*d = -j + 291. What is the tens digit of d?
5
Let i = -2027 - -6849. What is the hundreds digit of i?
8
Let v = -28 - -28. What is the tens digit of 4 + (v/3 - -28)?
3
Let n(c) = -c**3 - 13*c**2 - 10*c + 26. Let d be n(-12). Suppose 0 = -r - 4*s - 3 + d, -4*s = 2*r - 2. What is the units digit of r?
3
Let k be 9*(-2)/12*26. Let f = k + 74. What is the tens digit of f?
3
Suppose 5*n - 75 = 5*z, 58 + 2 = 2*n + 4*z. Suppose c + 16 = 2*q - 6*q, 0 = -4*q - n. What is the units digit of 0 + 0 + (c - -27)?
1
Suppose 25*g - 3078 = 7*g. What is the hundreds digit of g?
1
Let g be 3/((-36)/(-10) + -3). Suppose 0 = g*p - p - z - 93, -113 = -5*p - 2*z. What is the tens digit of p?
2
Let y = 2 - -1. Let s = 113 - y. What is the tens digit of s?
1
Let k(o) = o**3 - 9*o**2 + 18*o - 46. What is the hundreds digit of k(19)?
9
Suppose -2*w = -5*c - 6 - 30, -c - 4 = 0. Let q = 4 - w. Let z = q - -15. What is the units digit of z?
1
Let j(p) = -3*p**2 + 2*p + 5. Let s be j(-4). Suppose 0 = -l + o + 91, -2*l + 307 - 105 = 2*o. Let z = l + s. What is the tens digit of z?
4
Suppose -5*f - 33 = -123. Let g(h) = -9*h - 18. Let l(j) = -8*j - 18. Let w(k) = 6*g(k) - 7*l(k). What is the units digit of w(f)?
4
Let i(v) = 5*v + 91. What is the tens digit of i(9)?
3
Let n(o) = 3*o**2 - 5*o + 11. Let t = 71 + -78. What is the units digit of n(t)?
3
Suppose 3*l - 3*q - 115 = 2*l, -5*q = 25. Suppose -3*f + d - l + 343 = 0, 324 = 4*f + 5*d. What is the units digit of f?
1
Let s = -163 + 93. Let v = s - -102. What is the units digit of v?
2
Let t(y) = y - 1. Let b be t(3). Suppose -3*m + 2*z = m - 8, 4*m - 5*z = b. What is the units digit of m?
3
Let c = -321 - -586. Suppose -2*u + c = 3*u. What is the units digit of u - ((-12)/3)/4?
4
What is the hundreds digit of 2/(-25) + (-6 - (-67754)/50)?
3
Suppose 15*x - 17241 - 3369 = 0. What is the hundreds digit of x?
3
Let i = 5340 - -89. What is the hundreds digit of i?
4
Let l(q) be the third derivative of q**6/120 + q**5/10 + q**4/4 + 4*q**3/3 - 10*q**2. Let f be l(-5). What is the units digit of -3 + (-248)/((-12)/f)?
9
Let w = -5965 - -8421. What is the units digit of w?
6
Suppose -2 = -2*h, 5*z - 3*h + h - 228 = 0. Let o = -34 + 13. Let v = z + o. What is the units digit of v?
5
Suppose 442*o - 1630 = 437*o. What is the tens digit of o?
2
Let p(y) = y**3 - 21. Let h be p(0). Let v = h + 15. Let a = 17 - v. What is the tens digit of a?
2
Suppose -4*r = -2*k - 3*k + 218, -5*r - 10 = 0. What is the units digit of k?
2
Let a be (1*6)/((-24)/(-16)). Suppose a*z - 9 + 1 = 0. Suppose -z*x + 3*x + 65 = 3*c, 8 = 2*x. What is the units digit of c?
3
Let z(d) be the first derivative of -d**3 + 5*d